st common divisor of c and r.
8
Suppose s - 4 = -s, 0 = -3*t - 3*s + 18. Suppose 12 = -t*a - 4*i, a - 2*i = 6*a. Let l be (-111)/(-5) - 2/10. Calculate the greatest common divisor of l and a.
2
Let z = -39 - -65. Calculate the greatest common divisor of 234 and z.
26
Let t = 13 + -17. Let s be (3/5)/(t/(-380)). What is the highest common divisor of s and 19?
19
Suppose -y = 3*h - 181 + 13, 290 = 5*h + 5*y. Let f = h - 5. Calculate the greatest common factor of f and 20.
10
Let m(b) = 6*b**2 - b. Let l be m(1). Suppose 5*k + 3*n = 42, 4*k + 3*n - 16 = l*n. Calculate the greatest common divisor of 42 and k.
6
Let z = 14 + -8. Suppose 0 = -2*n + 42 - z. What is the highest common factor of 72 and n?
18
Let j(k) = k**3 - 18*k**2 - 13*k + 18. Let v be j(19). What is the greatest common divisor of v and 44?
44
Suppose i + 3*i = -3*h + 878, 2*h = i - 225. Let y = i + -151. Suppose -2*x + x = -y. What is the greatest common factor of x and 10?
10
Let p = -72 + 51. Let x = -9 - p. Calculate the highest common factor of 18 and x.
6
Suppose -3*n - 3*g + 11 = 2*n, 4*n + 5*g - 1 = 0. What is the greatest common factor of n and 108?
4
Let a = 317 - 209. What is the highest common factor of a and 12?
12
Suppose 3*z - 5 = 1. Suppose 0 = -3*r - 3*y - 9, 6*r = r - z*y. Suppose r*j + 3*n = 26, 3*j - 36 = -n - 2*n. What is the greatest common divisor of j and 15?
5
Suppose -10 = -3*u + u, 0 = 2*b + 3*u - 49. Suppose 0 = -3*p + 69 + 390. Calculate the greatest common divisor of p and b.
17
Let l = 1 - 1. Suppose 2*y = w + 40, 5*y = -w + 29 + 64. Let p = y - l. What is the greatest common factor of 57 and p?
19
Suppose -q + 3 + 3 = 0. What is the highest common factor of q and 6?
6
Let n = 10 - 18. Let l(y) = -10*y + 5. Let q be l(n). What is the greatest common factor of q and 34?
17
Let g be (-6)/(-5)*75/30. What is the greatest common divisor of g and 3?
3
Let w = -81 + 147. Calculate the greatest common divisor of 22 and w.
22
Suppose 6 = 3*l - 0. Suppose w + 0*w + 15 = 5*b, -l*b - 16 = 4*w. Suppose -b*z + 1 = -z. Calculate the highest common divisor of z and 6.
1
Suppose -4 = -3*s + 5. Suppose s*x - 29 = 4. What is the highest common factor of x and 11?
11
Suppose 4*h + 3*d + d = 4, 3*h = 3*d + 3. Calculate the highest common divisor of h and 3.
1
Suppose f = 5 + 13. Let y be 2370/27 + 4/f. Calculate the highest common divisor of y and 11.
11
Let p(s) = 3*s**2 + 4*s + 4. Let h be p(-6). Calculate the greatest common factor of h and 22.
22
Suppose 0 = 3*v + 82 - 121. Suppose -2*y + 19 = z - 44, 4*z - 264 = 4*y. Calculate the highest common factor of v and z.
13
Let k(j) = j - 3. Let s be k(4). Suppose 3*n - 10 = -2*a, a + 4*n = -a + 6. Calculate the highest common factor of a and s.
1
Suppose 3*y + 2*v - 4*v = 7, -3*v = 4*y - 32. Suppose -4*a - 3*c + 358 = 0, y*c = 3*a + 4*c - 262. Calculate the greatest common factor of a and 22.
22
Suppose -a = 5*b - 10, a - 4 = -0*b + b. Let p be (a - 11)*4/(-6). What is the greatest common factor of 20 and p?
4
Let c(t) = t**2 - 13*t - 14. Let z be c(15). What is the highest common divisor of z and 6?
2
Let c(r) = -3*r - 12. Let j(m) = -m - 6. Let l(p) = -4*c(p) + 7*j(p). Let i be l(6). Calculate the highest common divisor of i and 12.
12
Let o be 27/(-6)*8/(-6). Suppose 0 = z - o - 27. Calculate the greatest common factor of z and 3.
3
Let s = 10 - -30. Let g be (-194)/(-6) - 1/3. Suppose -5*j = -j - g. Calculate the greatest common divisor of s and j.
8
Suppose z - s - 3*s = 0, 0 = 4*z + s - 51. What is the greatest common divisor of 12 and z?
12
Let i be 1/4*(-1 + 5). What is the greatest common divisor of i and 1?
1
Let d = 18 - 10. What is the greatest common divisor of 40 and d?
8
Let d be 1034*((-1)/(-2) + 0). What is the greatest common divisor of d and 47?
47
Suppose 2*i = -4*z - 6 + 18, -z + 3*i - 4 = 0. Let o = 16 - z. Calculate the highest common divisor of 56 and o.
14
Suppose 0 = -17*z + 10*z + 168. Calculate the greatest common divisor of 48 and z.
24
Let u be -2 + (4 - 5) + 10 + 2. Calculate the greatest common divisor of u and 3.
3
Let i = 107 + -78. Calculate the greatest common divisor of 261 and i.
29
Let r = 21 - 2. Let i be ((-19)/3)/(((-2)/(-9))/(-2)). What is the greatest common divisor of r and i?
19
Let v be ((-12)/(-2))/((-3)/12). Let i = 38 + v. Calculate the greatest common divisor of 154 and i.
14
Let o = -27 - -45. Let u be (-2)/((21/o)/(-7)). Calculate the highest common factor of 84 and u.
12
Let y(k) = -k + 4. Let d be y(-5). Let a be 0/(-1)*3/6. Suppose a = -5*i + 38 + 52. What is the highest common divisor of i and d?
9
Let d be -12*(-1 + 2 + -2). What is the greatest common divisor of d and 4?
4
Let a = 37 - 17. Suppose 8*h - 3*h + a = 0. Let r be 2 + h - -16 - 0. What is the greatest common factor of r and 21?
7
Suppose -42 = -7*n + 4*n. Let y = 21 - 7. What is the highest common factor of n and y?
14
Suppose -t - 3*l = -3, 3*t - 1 = -3*l + 2. Let m be ((-54)/21 - t)*-7. Calculate the highest common factor of m and 6.
6
Suppose -19 = -4*o - 83. Let j = o - -28. Calculate the highest common factor of j and 96.
12
Let d = 12 - 13. Let o(a) = -a**3 - 5*a**2 + 7*a + 9. Let m be o(-6). Let y = d + m. What is the greatest common divisor of 2 and y?
2
Let l be (-1 + 5*-1)/(-2). Suppose 0*y - l*y + 9 = 0. Let j be -3 + 1 + 114/y. What is the greatest common divisor of 9 and j?
9
Suppose 6 = -2*x + 3*b - 6*b, -x + 2*b = -11. Calculate the greatest common factor of 30 and x.
3
Let v(a) = 406*a - 1. Let q be v(2). Let z be 24/(-32) - q/(-4). Let t = -121 + z. What is the highest common factor of 9 and t?
9
Let f be (-20)/3*9/(-3). Let m = f - 10. Calculate the greatest common divisor of m and 5.
5
Let l = 61 + 84. Calculate the highest common divisor of 58 and l.
29
Let m = 12 - 7. Calculate the highest common factor of m and 1.
1
Let h(k) = k**3 + 9*k**2 + 5*k - 10. Let y be h(-8). Calculate the greatest common factor of 112 and y.
14
Suppose 2*w + 6*y - 5*y = 402, 5*y + 20 = 0. Let g be -1*(-29 + -1 - -1). What is the greatest common divisor of g and w?
29
Suppose -1 = -2*n + 13. Calculate the highest common divisor of n and 7.
7
Let y = -3 - 6. Let x be (3/(-2))/(y/84). What is the greatest common factor of x and 21?
7
Let h(b) = b**2. Let k be h(-5). Calculate the highest common factor of k and 200.
25
Let r(b) = b**2 - 4*b + 6. Let p be r(3). Calculate the greatest common factor of p and 24.
3
Suppose 2*h - 24 = 4*q, -3*q - 5 - 16 = -2*h. Let v be (-4)/h*-3 - -40. Calculate the highest common factor of v and 21.
21
Suppose 6*d - d + 10 = 0. Let f be 0/(-2*d/(-4)). Let y = 2 + f. Calculate the greatest common divisor of y and 3.
1
Let q = 37 + -88. Let a be (-2)/4 + q/(-2). Calculate the highest common divisor of a and 250.
25
Let t = -416 - -704. What is the greatest common factor of t and 32?
32
Let a = -3 + 5. Let i be a/(-2*1)*-4. Suppose 0 = 4*k - 3*p + 4*p - 21, 5*k = 3*p + 39. What is the highest common factor of k and i?
2
Let i(a) = -2*a + 16. Let d be i(6). Let w be 69 + (-16)/d - 1. What is the highest common divisor of 32 and w?
32
Let r = 2 + 2. Suppose 3*f - 3*u - 71 = -2*f, 0 = 2*f - r*u - 20. Suppose -2*g - g + 240 = 0. Calculate the greatest common factor of g and f.
16
Let d = 26 - 4. Let g = 22 - 20. What is the greatest common divisor of g and d?
2
Let n(o) = -15*o + 2. Let v be n(-3). Suppose v = 3*k + 14. Calculate the highest common divisor of 1 and k.
1
Let s = 25 + -16. Suppose 0 = o - 3*m - s, -5*o + 8*o - 51 = -3*m. What is the highest common divisor of o and 3?
3
Let f(o) = 2*o**2 - 2*o + 1. Let w be f(2). Suppose 25 = 5*t, -4*m = m + t - w. Suppose m = -2*i + 13 + 29. What is the highest common divisor of i and 14?
7
Let i = -61 + 85. Calculate the greatest common divisor of 60 and i.
12
Suppose -14 + 53 = 2*t - f, 2*t = 5*f + 27. Let p = 1 - -3. Suppose -11 = -5*l + p*d, 3*d - 6 = -2*l + 3. What is the highest common divisor of l and t?
3
Let n(p) = -p**3 - 4*p**2 + 7*p + 1. Let w be n(-7). Calculate the greatest common divisor of w and 33.
33
Let k(s) = -17*s - 7. Let x(r) = 8*r + 4. Let i(y) = -6*k(y) - 11*x(y). Let g be i(3). What is the highest common factor of g and 20?
20
Let z be (1/3)/(2/(-6)). Let r(n) = -2*n**3 - n**2 + 1. Let f be r(z). Let h be f*